et p = -30 + y. What are the prime factors of p?
3, 7
Let j be 47 - ((2 - 3) + -2). Suppose -q - 3*q - 75 = -3*i, -2*i = 2*q - j. List the prime factors of i.
5
Suppose 3*t = 19 - 1. Suppose t*j - 2*j - 125 = -3*u, 4*u - 3*j - 125 = 0. Suppose y = -3*l + 5*y + u, l = -5*y - 1. List the prime factors of l.
3
Suppose -2*i + 2*v + 84 = 18, -3*i - 4*v + 85 = 0. Suppose -2*r = -l - 8, 4*r - i + 3 = 5*l. Suppose -q + 51 = r*q. List the prime factors of q.
17
Let m = -9 + 16. List the prime factors of m.
7
Let m = -508 - -871. List the prime factors of m.
3, 11
Suppose -h + 185 = 2*m, m - 97 = -0*m - 5*h. List the prime factors of m.
2, 23
Let p(t) = -t + 6. Suppose 0*a + 20 = 2*a. Suppose a = -5*g, w - 5*g + 4*g = 2. What are the prime factors of p(w)?
2, 3
Suppose -t + 38 = 5*z - 0, 5*z - t = 42. Suppose 2*m - z = -3*m + y, 5*y = 3*m + 4. Suppose x - 3 - m = 0. What are the prime factors of x?
5
Let z(f) = 26*f + 2 - f**2 + 2*f**2 - 17*f. Let g be z(-11). Let r = 41 - g. List the prime factors of r.
17
Let a(m) = m**3 - m**2 - m + 1. Let n(o) = 34*o**3 - 3*o**2 - 5*o + 2. Let b(c) = 4*a(c) - n(c). List the prime factors of b(-1).
2, 3, 5
Let y(t) = t + 14. Suppose -4*l + 53 = 3*o - 18, -3*o + 43 = 2*l. List the prime factors of y(l).
2, 7
Suppose -2 = -4*t - 2*j + 4*j, -4*t - 3*j - 3 = 0. Suppose -2 = -3*o + 4. Suppose o*a - 18 = -t*a. What are the prime factors of a?
3
Suppose -2*b + 6*b = 2*n + 70, n = -2*b - 19. Let x = n + 10. Let p = -11 - x. List the prime factors of p.
2, 3
Let u(z) = -104*z**3 + 2*z + 1. What are the prime factors of u(-1)?
103
Let o = -6 - -15. Let k = o + -6. What are the prime factors of k?
3
Let w(v) = 3*v + 2. Let i be w(-4). Let a be ((-2)/5)/(1/i). Suppose -4*p - z = -5*z - 32, -p + a*z = -17. List the prime factors of p.
5
Let t(f) = 4*f**2 + 2*f - 6. Let p be t(6). Suppose -5*l - 20 + p = 0. Let h = l + -14. What are the prime factors of h?
2, 3
Suppose -5*l + d = -1333, d - 4 = -d. List the prime factors of l.
3, 89
Let d be (9/4)/(6/32). Let z = d - 19. Let x = 22 + z. List the prime factors of x.
3, 5
Let o = -13 + 49. List the prime factors of o.
2, 3
Let h(s) = s**3 + 5*s**2 + 4. Let t be h(-5). What are the prime factors of -1*(-35 + t + 0)?
31
Let m(b) be the third derivative of -b**4/8 + b**3/2 + 3*b**2. What are the prime factors of m(-6)?
3, 7
Let a(b) = 1 - 1 - 3*b. Suppose -5*f - 10 = 5*p, 0*f - 5*f = -3*p + 10. What are the prime factors of a(f)?
2, 3
Suppose -2*a = -5*a + 15. Suppose x - 16 = -a*w, x = -5*w + 6*x + 40. What are the prime factors of w?
2
Suppose h - 111 = -2*h. Suppose -j - 35 = -4*v, 5*v - 3*j + 2 - h = 0. List the prime factors of v.
2, 5
What are the prime factors of (2 - 168)*3/(-6)?
83
Suppose -5*s = -573 + 63. What are the prime factors of s?
2, 3, 17
Suppose -4*g - 25 = 3*u, -5*g + 3*u = 56 + 9. Let x = -7 - g. Suppose -2*n = -x*n + 5. What are the prime factors of n?
5
Suppose -3*j + 143 = -73. What are the prime factors of j?
2, 3
Let n(w) = -w + 10. Let h = -3 - -5. Let m(l) = 4*l - 29. Let b(j) = h*m(j) + 7*n(j). What are the prime factors of b(0)?
2, 3
Let m(q) = -5*q**3 - 5*q**2 + 9*q - 12. Let a(s) = -4*s**3 - 6*s**2 + 9*s - 11. Let c(o) = 4*a(o) - 3*m(o). List the prime factors of c(-10).
2
Let f = 10 + -10. Suppose f*y + 2*y - 5*b - 32 = 0, 2*y + 2*b - 4 = 0. List the prime factors of y.
2, 3
Let f be 477/1*(-2)/(-6). List the prime factors of f/9 - (-2)/6.
2, 3
Suppose 5*v - 45 = 5*h + 20, -10 = 2*h. Let l = 3 - v. Let y(t) = -4*t. What are the prime factors of y(l)?
2, 5
Let j(d) = 3*d**2 + 21*d - 9. What are the prime factors of j(-8)?
3, 5
Let y(p) = -p**3 - 2*p**2 + 13*p + 2. What are the prime factors of y(-5)?
2, 3
Let d = 17 - 5. Let c = d + -3. List the prime factors of c.
3
Suppose -2*r + 33 = -145. List the prime factors of r.
89
Let u(v) = 3*v**2 + 5*v + 9. Let j(b) = -2*b**2 - 5*b - 9. Let l(h) = 4*j(h) + 3*u(h). Let o be l(7). Suppose 3 = -a + o. List the prime factors of a.
2
Let h(y) = -y**3 + 22*y**2 - 3*y - 24. What are the prime factors of h(21)?
2, 3, 59
Let y be (468/91)/((-3)/(-14)). What are the prime factors of 2 - (3 - 3 - y)?
2, 13
Suppose 2*j = -g + 6, 4*g - j = -0*j - 3. Suppose 2 = r - g. What are the prime factors of r?
2
Suppose 0*l + 2*l = 2*j - 428, -3*j = 3*l - 648. What are the prime factors of j?
5, 43
Let m = 11 + -9. Suppose 4*c = m*c + 40. What are the prime factors of c?
2, 5
Suppose 0 = 4*l - 6 - 54. Let h = 25 - l. List the prime factors of h.
2, 5
Let y be -2 + 2 + 2 - 11. Let u = -3 - y. Suppose -2*q + 5*p = -14, 5*q + 2*p = u*p + 52. What are the prime factors of q?
2, 3
Let c(w) be the third derivative of w**5/60 - w**4/12 - w**3/3 + w**2. Suppose -4*n = -3*z - 28, 0 = -2*n - 5*z - 16 + 4. List the prime factors of c(n).
2, 3
List the prime factors of (4/14)/(1/14).
2
Let y(k) = -19*k**3 + 2*k**2 + 1. What are the prime factors of y(-2)?
7, 23
What are the prime factors of 2/(-7) - 2944/(-112)?
2, 13
Suppose 3*x + 4*x = 966. List the prime factors of x.
2, 3, 23
Let o(m) = -m - 11. Let j be o(-9). Suppose w = 4*w - 24. Let q = w + j. What are the prime factors of q?
2, 3
Suppose 4*p = -15*p + 2223. List the prime factors of p.
3, 13
Let o = -7 - -9. Suppose o*g = 4*g - 12. What are the prime factors of g?
2, 3
Suppose d = 3*d - 312. What are the prime factors of d?
2, 3, 13
What are the prime factors of (0 - -1) + 17 + 143?
7, 23
Let d be (3/(-1))/(-3) - 0. Let m(p) = 4*p**2 - 1. What are the prime factors of m(d)?
3
Let q = 131 - -7. What are the prime factors of q?
2, 3, 23
Let c be (-17)/(-4) + (-1)/4. Suppose c*u + 3 = 11. Suppose 2*h + 1 = -u*t + 13, 0 = -5*t - 2*h + 39. List the prime factors of t.
3
Let x(z) = 10*z + 1. Let c(l) = 30*l + 4. Let n(u) = -4*c(u) + 11*x(u). List the prime factors of n(-2).
3, 5
Let d(b) = -b**3 - 2*b**2 + b - 4. Let w be d(-3). Let z(a) = -2*a**3 - 1. Let s be z(w). List the prime factors of (-2 - s)/((-3)/(-2)).
2, 5
Let g = 8 - 10. List the prime factors of (g/(-8))/((-9)/(-612)).
17
Let w be ((-30)/(-9))/(1/6). What are the prime factors of (w/(-15))/(4/(-9))?
3
Let s(f) = f**3 - 4*f**2 - 3*f - 2. Suppose -o = 3*p + 7 - 1, -16 = -4*o - 2*p. List the prime factors of s(o).
2, 13
Suppose -5*z - 157 + 2 = 0. Let p = -7 - z. What are the prime factors of p?
2, 3
Let o be 2/(-6) - (-10)/(-15). List the prime factors of o/(-3)*0 + 2.
2
Let f be (56/(-12))/(4/(-6)). Suppose -3*l = -f + 1. Suppose l*x + x = 9. List the prime factors of x.
3
Suppose -96 + 358 = q + 3*u, u + 2 = 0. List the prime factors of q.
2, 67
Suppose 2*m = 124 + 92. What are the prime factors of m?
2, 3
Let f(y) = -y**3 + 4*y**2 - 5*y + 1. Let r be f(-4). Suppose -w = -3*q - 28, 5*q + r = 5*w - 11. Let b = -24 + w. What are the prime factors of b?
2, 5
Suppose 0 = -2*x, 3*b + x - 478 - 32 = 0. List the prime factors of b.
2, 5, 17
Let y = 11 + -6. Suppose -2*d + y*s = -14, 3*d - 2 = s + 6. Suppose d*x - 4 = 12. List the prime factors of x.
2
What are the prime factors of ((-8)/12)/(2 - 580/288)?
2, 3
Suppose -3*w + 105 = 5*b, b = 3*w - 2*b - 105. What are the prime factors of w?
5, 7
Let r(q) = -q**3 + 11*q**2 - 7*q - 3. What are the prime factors of r(10)?
3
Let t(c) = c**2 + 11*c + 3. Let u be t(-8). Let w = u - -59. What are the prime factors of w?
2, 19
What are the prime factors of (-2)/(-2)*11/1?
11
Let v(g) = -4 + 2*g + 3*g - 8 + 8. Let w be v(4). List the prime factors of w + 2/(-2 - -3).
2, 3
Suppose -v + 6*k = 2*k - 46, 2*v - 152 = -4*k. What are the prime factors of v?
2, 3, 11
Suppose -41 = -n + 3*v, -2*n + v + 51 = -16. What are the prime factors of n?
2
Suppose 7 - 2 = -z. Let k = z + 12. What are the prime factors of k?
7
Let w = -9 + 13. Suppose -4*h + 8 = -2*g - h, 5*h = 4*g + 14. Let p = g + w. List the prime factors of p.
3
Let q = -5 - -2. What are the prime factors of ((-6)/q)/(5/35)?
2, 7
Let g be (-8)/1 - 0/(-6). Let q = 15 - g. List the prime factors of q.
23
Let a = 67 - 14. List the prime factors of a.
53
What are the prime factors of -60*(14/(-4) + 2) - -2?
2, 23
List the prime factors of 142/4 - 1/2.
5, 7
Suppose -4*l = -l + 129. Let b = -12 - l. What are the prime factors of b?
31
Suppose -7 = -0*d - d - 3*q, 3*q = -4*d - 8. Let g(y) = -y + 1. What are the prime factors of g(d)?
2, 3
Let 